it of 7417608?
1
What is the thousands digit of 41983?
1
What is the tens digit of 3242883?
8
What is the hundreds digit of 1301715?
7
What is the hundreds digit of 15942931?
9
What is the ten millions digit of 15519637?
1
What is the ten thousands digit of 619946?
1
What is the units digit of 5059473?
3
What is the hundreds digit of 164896?
8
What is the tens digit of 75553?
5
What is the units digit of 2057409?
9
What is the ten thousands digit of 708795?
0
What is the thousands digit of 465172?
5
What is the tens digit of 61966?
6
What is the thousands digit of 322178?
2
What is the thousands digit of 20309453?
9
What is the units digit of 3607482?
2
What is the ten thousands digit of 37170973?
7
What is the ten millions digit of 14533557?
1
What is the ten thousands digit of 13766523?
6
What is the units digit of 576456?
6
What is the tens digit of 9366293?
9
What is the hundred thousands digit of 3034756?
0
What is the thousands digit of 1547162?
7
What is the tens digit of 203183?
8
What is the hundred thousands digit of 120167?
1
What is the hundred thousands digit of 9282729?
2
What is the thousands digit of 476671?
6
What is the hundred thousands digit of 35416354?
4
What is the tens digit of 5701401?
0
What is the hundred thousands digit of 3855063?
8
What is the thousands digit of 232567?
2
What is the hundreds digit of 20414267?
2
What is the hundred thousands digit of 481653?
4
What is the thousands digit of 2867550?
7
What is the hundreds digit of 22973090?
0
What is the ten thousands digit of 356437?
5
What is the ten thousands digit of 98729?
9
What is the ten thousands digit of 1644638?
4
What is the hundreds digit of 97646?
6
What is the ten thousands digit of 3275910?
7
What is the units digit of 2792028?
8
What is the units digit of 2740322?
2
What is the millions digit of 29258509?
9
What is the ten thousands digit of 737405?
3
What is the ten thousands digit of 29641?
2
What is the thousands digit of 941088?
1
What is the ten thousands digit of 912336?
1
What is the ten thousands digit of 114127?
1
What is the hundred thousands digit of 123411?
1
What is the hundred thousands digit of 3464955?
4
What is the ten thousands digit of 485505?
8
What is the hundreds digit of 50249?
2
What is the tens digit of 849660?
6
What is the thousands digit of 652108?
2
What is the hundred thousands digit of 2254215?
2
What is the ten thousands digit of 299435?
9
What is the tens digit of 4726214?
1
What is the hundreds digit of 230407?
4
What is the thousands digit of 692644?
2
What is the millions digit of 17169716?
7
What is the hundred thousands digit of 311692?
3
What is the hundreds digit of 417235?
2
What is the thousands digit of 315916?
5
What is the millions digit of 20205355?
0
What is the units digit of 14427954?
4
What is the ten thousands digit of 3874882?
7
What is the ten thousands digit of 901350?
0
What is the ten thousands digit of 18388854?
8
What is the tens digit of 34828?
2
What is the hundreds digit of 4445445?
4
What is the tens digit of 839710?
1
What is the ten thousands digit of 3645438?
4
What is the tens digit of 1787155?
5
What is the tens digit of 1465336?
3
What is the thousands digit of 993837?
3
What is the millions digit of 3576704?
3
What is the hundreds digit of 49665?
6
What is the units digit of 451536?
6
What is the millions digit of 3810228?
3
What is the millions digit of 9894970?
9
What is the thousands digit of 2563680?
3
What is the hundred thousands digit of 4605589?
6
What is the tens digit of 1939577?
7
What is the tens digit of 78300?
0
What is the thousands digit of 82963?
2
What is the hundred thousands digit of 227320?
2
What is the hundreds digit of 65062?
0
What is the millions digit of 23761841?
3
What is the hundred thousands digit of 2626609?
6
What is the units digit of 4034229?
9
What is the tens digit of 413604?
0
What is the units digit of 424671?
1
What is the units digit of 448678?
8
What is the ten thousands digit of 29289?
2
What is the millions digit of 7230224?
7
What is the ten thousands digit of 35173?
3
What is the hundreds digit of 1491198?
1
What is the units digit of 7687862?
2
What is the tens digit of 633498?
9
What is the units digit of 635794?
4
What is the units digit of 519841?
1
What is the units digit of 25604?
4
What is the hundred thousands digit of 137192?
1
What is the hundred thousands digit of 626049?
6
What is the hundred thousands digit of 1254364?
2
What is the hundreds digit of 1845314?
3
What is the millions digit of 4075762?
4
What is the ten thousands digit of 361118?
6
What is the thousands digit of 5204922?
4
What is the thousands digit of 351464?
1
What is the tens digit of 1260644?
4
What is the thousands digit of 412075?
2
What is the thousands digit of 31546785?
6
What is the units digit of 8856722?
2
What is the thousands digit of 28404726?
4
What is the units digit of 1819259?
9
What is the hundred thousands digit of 23936126?
9
What is the units digit of 53732?
2
What is the hundreds digit of 21793142?
1
What is the hundred thousands digit of 881288?
8
What is the hundreds digit of 6653049?
0
What is the ten thousands digit of 346525?
4
What is the ten thousands digit of 719769?
1
What is the hundreds digit of 113905?
9
What is the millions digit of 1489736?
1
What is the hundred thousands digit of 251584?
2
What is the hundreds digit of 46485?
4
What is the thousands digit of 97834?
7
What is the tens digit of 13372480?
8
What is the hundred thousands digit of 4121143?
1
What is the ten thousands digit of 2330351?
3
What is the thousands digit of 5201537?
1
What is the tens digit of 4661324?
2
What is the hundred thousands digit of 389595?
3
What is the ten thousands digit of 1111211?
1
What is the ten thousands digit of 19677521?
7
What is the units digit of 330184?
4
What is the hundred thousands digit of 1164035?
1
What is the millions digit of 1772690?
1
What is the tens digit of 161914?
1
What is the hundred thousands digit of 183931?
1
What is the units digit of 271224?
4
What is the units digit of 5844022?
2
What is the millions digit of 4527963?
4
What is the thousands digit of 13363183?
3
What is the units digit of 356920?
0
What is the units digit of 15694700?
0
What is the hundred thousands digit of 6748690?
7
What is the thousands digit of 786156?
6
What is the tens digit of 369441?
4
What is the units digit of 446416?
6
What is the tens digit of 242019?
1
What is the ten thousands digit of 6608697?
0
What is the millions digit of 15560869?
5
What is the tens digit of 203154?
5
What is the hundreds digit of 142960?
9
What is the tens digit of 270012?
1
What is the tens digit of 979234?
3
What is the ten thousands digit of 483073?
8
What is the thousands digit of 213149?
3
What is the hundred thousands digit of 2517235?
5
What is the hundred thousands digit of 2533180?
5
What is the thousands digit of 848923?
8
What is the units digit of 741835?
5
What is the hundred thousands digit of 356395?
3
What is the ten thousands digit of 355294?
5
What is the hundreds digit of 489770?
7
What is the tens digit of 23056429?
2
What is the ten thousands digit of 2565764?
6
What is the tens digit of 151698?
9
What is the hundred thousands digit of 308650?
3
What is the units digit of 1809316?
6
What is the thousands digit of 102882?
2
What is the tens digit of 1432?
3
What is the hundred thousands digit of 590779?
5
What is the hundreds digit of 10108015?
0
What is the ten thousands digit of 5384879?
8
What is the hundreds digit of 895442?
4
What is the units digit of 8757476?
6
What is the hundreds digit of 2185026?
0
What is the tens digit of 1666997?
9
What is the hundreds digit of 2239912?
9
What is the tens digit of 3082482?
8
What is the units digit of 540709?
9
What is the millions digit of 3072581?
3
What is the units digit of 2336797?
7
What is the ten thousands digit of 81360?
8
What is the thousands digit of 4073452?
3
What is the thousands digit of 23792880?
2
What is the hundred thousands digit of 183660?
1
What is the hundred thousands digit of 477952?
4
What is the ten thousands digit of 211279?
1
What is the thousands digit of 1998797?
8
What is the ten thousands digit of 30944417?
4
What is the thousands digit of 54